2*b - 24 = -5*k + 9, -4*b = k - 11. Suppose -52 = -k*y + 3*y. What is the tens digit of y?
1
Let x(g) = -3*g**2 - 12*g + 26. Let o(a) = -a**2 - 4*a + 9. Let t(s) = 17*o(s) - 6*x(s). Let y = 6 + -11. What is the units digit of t(y)?
2
Let g(p) = -5*p - p**3 - 5*p**2 + 5 + 1 + 2*p**3. What is the units digit of g(6)?
2
Let n(w) = w - 2. Let y be n(2). Let j = y + -3. Let a(z) = -z**3 - 2*z**2 + 2*z + 1. What is the units digit of a(j)?
4
Let a be 1/(-2)*(-12 - 0). Suppose -4*o = 3*t - a, t + 2*t - 33 = 5*o. What is the units digit of (16/t)/(-2)*-3?
4
Suppose 0 = 5*l - 218 + 58. Let k = l - 19. What is the tens digit of k?
1
Let h be (-3)/(-4) + 45/20. Suppose 5*v + 9*i - 75 = 4*i, -h*v = -2*i - 60. What is the tens digit of v?
1
Let t(l) = -5*l - 1. Let u be t(4). Let n = 9 - u. Suppose n = 3*q + 3. What is the units digit of q?
9
Suppose 0 = -2*a + 4*v - 2, -5*v + 4 + 4 = 3*a. Suppose -4*f - 11 + 27 = 0. Let b = a + f. What is the units digit of b?
5
Let h(z) = -z**3 + z - 6. Suppose -4*m + 7 = -4*i - 1, -3*m = 5*i + 10. Let r be h(m). What is the units digit of ((-36)/(-10))/(r/(-15))?
9
Let z(s) = 4*s**2 - 3*s - 1. Let g(w) = -w**3 - w**2 + w - 1. Let c be g(1). What is the units digit of z(c)?
1
Let k be ((-1)/3)/((-2)/30). Suppose k*m - 4*l - 23 = 0, 7*m - 3*m + l - 10 = 0. What is the units digit of m?
3
Let m = -3 - -7. Suppose -5*r + 30 = 5*x, 24 = m*r + 4*x + x. Let d = -4 + r. What is the units digit of d?
2
Suppose 2*c - 10 = -0*c. Suppose c*k - 5 = 5. What is the units digit of k?
2
Suppose 2 = -3*b + 4*b. Let v(p) = p**3 - p**2 + p - 2. Let s be v(2). Suppose -s*f + 2*l = 2, -b*l + 15 = 3*f + 2*l. What is the units digit of f?
1
Suppose 5*t = t - 4. Let n be 1 + t + 0 + 0. Suppose n = -3*v + 3 + 18. What is the units digit of v?
7
Let w be (-138)/(-3)*(-1)/(-2). Suppose 0*q + 20 = 4*q - 4*u, 5*u = 3*q - w. What is the units digit of q?
1
Let a be 2/(-13) + 26524/26. What is the units digit of 4/(-14) - a/(-42)?
4
What is the tens digit of (-2580)/(-8) + 1*(-12)/8?
2
Let j(s) = -4*s**3 + s**2 + s. Let v be j(-1). Let a(r) = 11*r - 9. What is the units digit of a(v)?
5
Suppose 0 = m - 23 - 35. Let i = m - 40. What is the units digit of i?
8
Suppose 3*y + 5*a = 2*a + 12, -3*a = y - 12. Let w be 1 - (0 + -1)*49. Suppose -2*x - 3*x + w = y. What is the tens digit of x?
1
Let b = 9 - 6. Suppose b*z = 21 - 9. Suppose -z*c + 14 + 10 = 0. What is the units digit of c?
6
Let u be (1 + 3)*(-2)/(-4). Suppose 4*x + 14 = 2*z, x + 20 = 5*z + 6*x. Let l = z - u. What is the units digit of l?
3
Let d be 1/3*(1 + 8). What is the units digit of (d + -17)/((-2)/1)?
7
Suppose -2*u = -107 + 29. What is the tens digit of u?
3
Let k(b) = -5*b - b**2 - 8*b - 1 + 3*b. What is the tens digit of k(-8)?
1
Suppose -685 = 23*n - 28*n. What is the hundreds digit of n?
1
Let v(b) = -b + 2. Let f be v(0). Let m be 1 - (-1 + f - -1). What is the units digit of (m/(-2))/(2/4)?
1
Let t(b) = b**2 - 3*b. Let m be 9*1 - (0 - -1). Suppose p - m = -p. What is the units digit of t(p)?
4
Let o(p) = p**3 + 6*p**2 - 7*p - 5. Let i be o(-6). Suppose -5*l = -2 + i. What is the units digit of (4/l)/(4/(-14))?
2
Let p = 163 + -82. What is the tens digit of p?
8
Suppose -2*d + 5*d - 33 = 0. Suppose 4*h = 43 - d. What is the units digit of h?
8
Suppose 5 = -5*s + 10*s. Let v(q) = 34*q**3 - 2*q**2 + 2*q - 1. What is the units digit of v(s)?
3
Let t(b) = b**3 + 13*b**2 + 13*b - 31. What is the units digit of t(-11)?
8
Let a be ((-2)/(-4))/((-2)/4). What is the units digit of (a - 14/4)*-4?
8
Suppose 3*v + 0*k + 4*k + 908 = 0, -2*v = 3*k + 606. What is the tens digit of 2/3 - v/9?
3
Let j(c) = -6*c + c**2 - c**2 + 8 + 0*c**2 - c**2. What is the units digit of j(-7)?
1
Suppose 2*q = 3*y + 24 + 28, -2*q + 68 = 5*y. What is the units digit of q?
9
Let h = -11 - 4. Let b = h - -23. What is the units digit of b?
8
Let t be -2 + -1 + 13 + -12. What is the tens digit of 2 - (t + (-12 - 3))?
1
Let p(w) = 3*w**2. What is the units digit of p(-4)?
8
Let m(z) = z**2 + 5*z + 1. Let i be m(-3). Let k = 4 + i. What is the units digit of 0 - (-1 - -2)*k?
1
What is the tens digit of 331/9 - 38/(-171)?
3
Let x(u) = u - 36*u**2 - 2*u - 6 + 37*u**2 - 14. Let f be x(0). What is the units digit of 1 + -3 + 0 - f?
8
Let k = 30 + -50. Let a = k - -33. What is the units digit of a?
3
Let i be 14/(2*(-3)/6). Let j = -9 - i. What is the units digit of j?
5
Suppose 0 = -5*d + 131 - 16. What is the units digit of d?
3
Suppose 2*c - 8 = 8. Let o = c - 5. Let h = 4 - o. What is the units digit of h?
1
Suppose -s - s - g = -367, 0 = -4*s - 5*g + 719. What is the hundreds digit of s?
1
Let k(s) = s**3 - s**2 - 2*s - 1. Let h be k(-2). Let z be -7*(3 - 5) + -1. What is the tens digit of (z/(-3))/(3/h)?
1
Let g(q) = -33*q - 7. What is the hundreds digit of g(-4)?
1
Let p(k) = k**2 - 4*k. Let y be p(4). Suppose 0 = 2*d - 3*h - 24, -6 = -0*d - 3*d - 3*h. Suppose y = 2*q - d - 0. What is the units digit of q?
3
Suppose 3*y - 31 + 7 = 3*d, 2*y - d = 14. Suppose -2*k = k + 6. What is the units digit of y/(k/4 - -1)?
2
Let y = 95 + -11. Let j = -45 + y. What is the tens digit of j?
3
Let r(o) = -o**2 + 11*o + 10. Let g be r(14). What is the units digit of (-2)/8 - 296/g?
9
Let g = 157 + -96. Suppose 2*z - 5*h = 47, 3*z + h - g = -z. What is the tens digit of z?
1
Let w(a) = a**2 + a - 2. Let j be w(-5). Suppose -3*g + 5*q = -11 - j, 32 = 4*g - 5*q. What is the units digit of 2*-26*g/(-12)?
3
Suppose 0 = c - 4*j + 4, 2 = -2*c + 4*j - 2. Suppose -4*y = 0, c = -0*o + 3*o + 4*y - 24. What is the units digit of o?
8
Let u(d) = -18*d - 30. What is the units digit of u(-7)?
6
Let a = 12 + -8. What is the units digit of a/(-14) + (-32)/(-14)?
2
Let a(i) = i - 4. Let o be a(2). Let b be 1/o - (-231)/14. Suppose 2*h = -0*h + b. What is the units digit of h?
8
Let p be 3*2 + (-3 - -4). What is the units digit of 7/(p/4) - 1?
3
Suppose 14 = 5*u - 6. Let o be (-2)/(-8) - 118/(-8). Suppose -3*w + 3*k + o = 0, 5*k = u*w - w - 7. What is the units digit of w?
9
Let f be (117/(-6))/(2/4). Let q = -26 - f. What is the units digit of q?
3
Let h = -184 - -390. What is the hundreds digit of h?
2
Suppose 0 = -5*b - 20 + 100. What is the units digit of 92/b + (-1)/(-4)?
6
Let c(q) be the second derivative of 7/2*q**2 + 2*q + 1/6*q**3 + 0. What is the units digit of c(5)?
2
Let f = 140 + -10. What is the tens digit of f?
3
Suppose -8*c = -3*c - 15. Suppose h = 1 + 3, 2*n = c*h + 18. Suppose -5*r - 5 = -n. What is the units digit of r?
2
Let i = -8 - -55. Suppose r - 7 = -0. Suppose -5*y - r = -i. What is the units digit of y?
8
Suppose 2*w - 218 = -4*o, 0 = -5*o + 5*w - 165 + 460. What is the tens digit of o?
5
Let f be (-8)/(-24) - 52/(-6). Suppose -4*d + 11 + f = c, -5*d - 59 = -4*c. What is the units digit of c?
6
Let i(g) = -g**3 + 4*g**2 + 5*g + 3. Let u be i(5). Let p be 0 - u/((-3)/5). Suppose 3*k + 5 = 4*a, 2*k + 21 = p*a + 6. What is the units digit of a?
5
Let a(z) = -z**2 + 4*z - 1. Let k = 0 + 2. Let b be a(k). Let l = 15 - b. What is the units digit of l?
2
Let g = -205 - -304. What is the tens digit of g?
9
Let w(t) = 4*t**2 + 5*t - 3. Let n be w(3). Let q be (-3)/(0 - -3) + 5. Suppose -n = -q*u + 2*b - 0*b, -b - 54 = -5*u. What is the tens digit of u?
1
Let g = 8 + -10. Let k = g - -6. Suppose -58 = -k*v + 2. What is the tens digit of v?
1
Suppose -10 = -2*b + 4*b. Let l be (-531)/(-15) + 2/b. Suppose c = -4*c + l. What is the units digit of c?
7
Suppose -4*p + 1 = -2*f + 9, -3*p - 12 = -3*f. Suppose s - 2*r - 3*r - 20 = p, -r - 4 = -2*s. What is the units digit of -3 + s + 2 - -3?
2
What is the units digit of (-7)/35 + 732/10?
3
Suppose -5 = r + 2. Let t = r - -9. What is the units digit of t?
2
Let q(r) = 4*r**2 - r + 1. Let a be q(1). Let c(w) = 8*w**2. Let h be c(-1). Suppose -o - 5 = -y - 3*y, 0 = -a*y + h. What is the units digit of o?
3
Let p = 72 + 85. What is the hundreds digit of p?
1
Suppose 4*x - 10 = 4*k + 2, 3*k - 9 = -3*x. Let n(s) = -s**3 + 5*s**2 - 4*s - 4. Let r be n(3). What is the units digit of 4 - (k - r)*1?
6
What is the units digit of (-2645)/(-15) + (-1 - 10/(-6))?
7
Let c = 0 + 0. Suppose -i = -6 + 4. Suppose -i*v - v + 27 = c. What is the units digit of v?
9
Suppose 18 = -5*z + 278. What is the units d